{"id":247,"date":"2024-12-26T14:21:44","date_gmt":"2024-12-26T13:21:44","guid":{"rendered":"https:\/\/42designs.de\/hundetraining\/?page_id=247"},"modified":"2025-08-02T08:10:14","modified_gmt":"2025-08-02T07:10:14","slug":"slalom-racing","status":"publish","type":"page","link":"https:\/\/hundeschule-streicher.de\/?page_id=247","title":{"rendered":"Slalom Racing"},"content":{"rendered":"\n<p><strong>Slalom Racing<\/strong><\/p>\n\n\n\n<p><strong>Erreiche perfekte Teamarbeit mit Deinem Hund <\/strong><strong>\ud83d\ude0a<\/strong><strong><\/strong><\/p>\n\n\n\n<p>Beim Slalom Racing wird das Ziel verfolgt Deinen Hund gesund auszulasten, indem er geistig und k\u00f6rperlich gefordert wird.<br><br>Es geht darum Deinen Hund von Dir weg auf Distanz um Gegenst\u00e4nde zu schicken und ihn mit Deiner K\u00f6rpersprache lenken zu k\u00f6nnen. Es wird wenig gesprochen, Du arbeitest fast ausschlie\u00dflich mit K\u00f6rpersprache von einem Punkt aus, wobei Dein Hund die meiste Bewegung hat.<\/p>\n\n\n\n<p>Geeignet sind Hunde die Freude an gemeinsamer Arbeit haben und sich mit Futter, Spiel oder eigenmotivierter Bewegung motivieren lassen. Dabei muss der Hund nicht sonderlich schnell sein, da es nicht um Geschwindigkeit geht, sondern um ein sauberes Arbeiten, fl\u00fcssige Bewegungsabl\u00e4ufe, Distanzarbeit, K\u00f6rpersprache, sowie um eine gute Mensch-Hund-Beziehung.<\/p>\n\n\n\n<p>Slalom Racing ist gelenkschonend und kann \u00fcberall durchgef\u00fchrt werden.<\/p>\n\n\n\n<p>In meinem Kurs geht es um das Kennenlernen dieser Hundesportart, dem Mensch-Hund-Team die Grundlagen zu vermitteln und gemeinsam in einer kleinen Gruppe zu trainieren.<\/p>\n\n\n\n<p>Voraussetzung: Dein Hund sollte mindestens 9 Monate alt und sozialvertr\u00e4glich ein.<\/p>\n\n\n\n<p>Jeder Kurs ist f\u00fcr Anf\u00e4nger geeignet. Da es sich anf\u00e4nglich vor allem um Kopfarbeit handelt, ben\u00f6tigt Dein Hund Pausen. Bring bitte eine Unterlage f\u00fcr Deinen Hund mit.<\/p>\n\n\n\n<p>Termin:<br>Kurs I: <br>Donnerstag,03.04.2025 &#8211; 24.04.2025, 17:15-18:15 Uhr<br>Kurs II:<br>Freitag, 08.08.2025 &#8211; 29.08.2025, 17:15-18:15 Uhr<br>Dauer: 4 x 60 min.<br>Kosten: 100,- \u20ac<br>Max. Teilnehmerzahl: 4 Mensch-Hund-Teams<\/p>\n\n\n\n<p><strong>Die Kursgeb\u00fchr ist vor dem 1. Trainingstag zu entrichten.<\/strong><\/p>\n\n\n\n<p>Melde Dich gerne, wenn Du dabei sein m\u00f6chtest!<\/p>\n\n\n\n<p><strong>Vers\u00e4umte Trainingsstunden k\u00f6nnen leider aus organisatorischen Gr\u00fcnden nicht nachgeholt werden und verfallen, da es sich um einen geschlossenen Kurs handelt.<\/strong><\/p>\n\n\n\n<p><\/p>\n","protected":false},"excerpt":{"rendered":"<p>Slalom Racing Erreiche perfekte Teamarbeit mit Deinem Hund \ud83d\ude0a Beim Slalom Racing wird das Ziel verfolgt Deinen Hund gesund auszulasten, indem er geistig und k\u00f6rperlich gefordert wird. Es geht darum Deinen Hund von Dir weg auf Distanz um Gegenst\u00e4nde zu schicken und ihn mit Deiner K\u00f6rpersprache lenken zu k\u00f6nnen. Es wird wenig gesprochen, Du arbeitest fast ausschlie\u00dflich mit K\u00f6rpersprache von einem Punkt aus, wobei Dein Hund die meiste Bewegung hat. Geeignet sind Hunde die Freude an gemeinsamer Arbeit haben und sich mit Futter, Spiel oder eigenmotivierter Bewegung motivieren lassen. Dabei muss der Hund nicht sonderlich schnell sein, da es nicht um Geschwindigkeit geht, sondern um ein sauberes Arbeiten, fl\u00fcssige Bewegungsabl\u00e4ufe, Distanzarbeit, K\u00f6rpersprache, sowie um eine gute Mensch-Hund-Beziehung. Slalom Racing ist gelenkschonend und kann \u00fcberall durchgef\u00fchrt werden. In meinem Kurs geht es um das Kennenlernen dieser Hundesportart, dem Mensch-Hund-Team die Grundlagen zu vermitteln und gemeinsam in einer kleinen Gruppe zu trainieren. Voraussetzung: Dein Hund sollte mindestens 9 Monate alt und sozialvertr\u00e4glich ein. Jeder Kurs ist f\u00fcr Anf\u00e4nger geeignet. Da es sich anf\u00e4nglich vor allem um Kopfarbeit handelt, ben\u00f6tigt Dein Hund Pausen. Bring bitte eine Unterlage f\u00fcr Deinen Hund mit. Termin:Kurs I: Donnerstag,03.04.2025 &#8211; 24.04.2025, 17:15-18:15 UhrKurs II:Freitag, 08.08.2025 &#8211; 29.08.2025, 17:15-18:15 UhrDauer: 4 x 60 min.Kosten: 100,- \u20acMax. Teilnehmerzahl: 4 Mensch-Hund-Teams Die Kursgeb\u00fchr ist vor dem 1. Trainingstag zu entrichten. Melde Dich gerne, wenn Du dabei sein m\u00f6chtest! Vers\u00e4umte Trainingsstunden k\u00f6nnen leider aus organisatorischen Gr\u00fcnden nicht nachgeholt werden und verfallen, da es sich um einen geschlossenen Kurs handelt.<\/p>\n","protected":false},"author":2,"featured_media":484,"parent":0,"menu_order":0,"comment_status":"closed","ping_status":"closed","template":"","meta":{"footnotes":""},"class_list":["post-247","page","type-page","status-publish","has-post-thumbnail","hentry"],"acf":[],"jetpack_sharing_enabled":true,"_links":{"self":[{"href":"https:\/\/hundeschule-streicher.de\/index.php?rest_route=\/wp\/v2\/pages\/247","targetHints":{"allow":["GET"]}}],"collection":[{"href":"https:\/\/hundeschule-streicher.de\/index.php?rest_route=\/wp\/v2\/pages"}],"about":[{"href":"https:\/\/hundeschule-streicher.de\/index.php?rest_route=\/wp\/v2\/types\/page"}],"author":[{"embeddable":true,"href":"https:\/\/hundeschule-streicher.de\/index.php?rest_route=\/wp\/v2\/users\/2"}],"replies":[{"embeddable":true,"href":"https:\/\/hundeschule-streicher.de\/index.php?rest_route=%2Fwp%2Fv2%2Fcomments&post=247"}],"version-history":[{"count":7,"href":"https:\/\/hundeschule-streicher.de\/index.php?rest_route=\/wp\/v2\/pages\/247\/revisions"}],"predecessor-version":[{"id":661,"href":"https:\/\/hundeschule-streicher.de\/index.php?rest_route=\/wp\/v2\/pages\/247\/revisions\/661"}],"wp:featuredmedia":[{"embeddable":true,"href":"https:\/\/hundeschule-streicher.de\/index.php?rest_route=\/wp\/v2\/media\/484"}],"wp:attachment":[{"href":"https:\/\/hundeschule-streicher.de\/index.php?rest_route=%2Fwp%2Fv2%2Fmedia&parent=247"}],"curies":[{"name":"wp","href":"https:\/\/api.w.org\/{rel}","templated":true}]}}