{"id":269,"date":"2024-12-31T11:45:30","date_gmt":"2024-12-31T10:45:30","guid":{"rendered":"https:\/\/42designs.de\/hundetraining\/?page_id=269"},"modified":"2025-11-15T08:04:54","modified_gmt":"2025-11-15T07:04:54","slug":"welpenpaket","status":"publish","type":"page","link":"https:\/\/hundeschule-streicher.de\/?page_id=269","title":{"rendered":"Unser Premium-Welpenpaket"},"content":{"rendered":"\n<p><strong>Endlich\u2026der Welpe zieht ein\u2026<\/strong><\/p>\n\n\n\n<p>Die Freude ist gro\u00df und viele Gedanken schwirren Dir vielleicht durch den Kopf.<\/p>\n\n\n\n<p><br>In den ersten Wochen, bestenfalls von Tag 1 des Einzuges Deines Welpen, sollte der Grundstein gelegt werden f\u00fcr ein sp\u00e4teres harmonisches Zusammenleben. In dieser entscheidenden Phase m\u00f6chten wir Dich gerne unterst\u00fctzen.<\/p>\n\n\n\n<figure class=\"wp-block-image size-large is-resized\"><img loading=\"lazy\" decoding=\"async\" width=\"1024\" height=\"768\" src=\"https:\/\/hundeschule-streicher.de\/wp-content\/uploads\/2025\/11\/Welpe-Timo-1-1024x768.jpg\" alt=\"\" class=\"wp-image-667\" style=\"width:359px;height:auto\" srcset=\"https:\/\/hundeschule-streicher.de\/wp-content\/uploads\/2025\/11\/Welpe-Timo-1-1024x768.jpg 1024w, https:\/\/hundeschule-streicher.de\/wp-content\/uploads\/2025\/11\/Welpe-Timo-1-300x225.jpg 300w, https:\/\/hundeschule-streicher.de\/wp-content\/uploads\/2025\/11\/Welpe-Timo-1-768x576.jpg 768w, https:\/\/hundeschule-streicher.de\/wp-content\/uploads\/2025\/11\/Welpe-Timo-1-1536x1152.jpg 1536w, https:\/\/hundeschule-streicher.de\/wp-content\/uploads\/2025\/11\/Welpe-Timo-1-1140x855.jpg 1140w, https:\/\/hundeschule-streicher.de\/wp-content\/uploads\/2025\/11\/Welpe-Timo-1.jpg 2048w\" sizes=\"auto, (max-width: 1024px) 100vw, 1024px\" \/><\/figure>\n\n\n\n<p><br>Die Trennung von Mutterh\u00fcndin und Geschwistern sowie der Umzug in das neue Heim des Welpen ist sehr aufregend. Er braucht Zeit, um sich in Ruhe einzugew\u00f6hnen. Daher starten wir mit einem&nbsp;<strong><mark style=\"background-color:rgba(0, 0, 0, 0)\" class=\"has-inline-color has-vivid-green-cyan-color\">ausf\u00fchrlichen Erstgespr\u00e4ch (90 min)<\/mark><\/strong>&nbsp;bei Dir vor Ort. Wir besprechen Deine W\u00fcnsche und Trainingsziele sowie Fragen rund um die Themen Stubenreinheit, Alleinbleiben, Bei\u00dfhemmung, F\u00fctterung und Erziehung und geben Dir erste \u00dcbungen an die Hand, die Du mit Deinem Welpen sofort beginnen kannst.<\/p>\n\n\n\n<p>Das&nbsp;<strong>Erstgespr\u00e4ch<\/strong> kann auch einzeln gebucht werden. Wenn Du Dich danach f\u00fcr das ganze Welpen-Paket entscheidest, wird das Erstgespr\u00e4ch mit dem Paketpreis verrechnet.<\/p>\n\n\n\n<p>Wir betreuen Dich und Deinen Welpen die ersten 6 Wochen intensiv, indem Du uns bei Fragen \u00fcber WhatsApp erreichen kannst und innerhalb der n\u00e4chsten 24 Stunden ein Feedback von uns bekommst.<\/p>\n\n\n\n<p>Bei Bedarf schicken wir Dir ein Lehrvideo, damit Du die \u00dcbung mit Deinem Welpen 1:1 umsetzen kannst.<\/p>\n\n\n\n<p>In unserer Welpengruppe, die 1 x w\u00f6chentlich stattfindet, hast Du die M\u00f6glichkeit Dich mit anderen Welpenbesitzern auszutauschen und Deinem Welpen das soziale Miteinander unter gleichaltrigen Welpen zu erm\u00f6glichen. <br><\/p>\n\n\n\n<p><strong><mark style=\"background-color:rgba(0, 0, 0, 0)\" class=\"has-inline-color has-vivid-green-cyan-color\">6 Trainingsstunden in der Gruppe<\/mark><\/strong><\/p>\n\n\n\n<p>Gemeinsam legen wir den Grundstein f\u00fcr eine vertrauensvolle Bindung und ein entspanntes Miteinander im Alltag. In kleinen Gruppen 4-5 Welpen\/Trainer behandeln wir folgende Themen:&nbsp;<\/p>\n\n\n\n<ul class=\"wp-block-list\">\n<li>Wie biete ich Schutz<\/li>\n\n\n\n<li>Grundlagen des Lernverhaltens&nbsp;<\/li>\n\n\n\n<li>Aufbau des R\u00fcckrufsignals<\/li>\n\n\n\n<li>Aufbau der Leinenf\u00fchrigkeit&nbsp;<\/li>\n\n\n\n<li>Vertrauens\u00fcbungen<\/li>\n\n\n\n<li>Deckentraining<\/li>\n\n\n\n<li>Erste Frustrationstoleranz\u00fcbungen<\/li>\n\n\n\n<li>Pausensignal<\/li>\n\n\n\n<li>Hilfreiche Tipps f\u00fcr den Alltag&nbsp;<\/li>\n<\/ul>\n\n\n\n<p>Komm vorbei und lass uns den Grundstein f\u00fcr ein harmonisches Zusammenleben legen \u2013 wir freuen uns auf dich und deinen Welpen!<\/p>\n\n\n\n<p><strong><mark style=\"background-color:rgba(0, 0, 0, 0)\" class=\"has-inline-color has-vivid-green-cyan-color\">Du erh\u00e4ltst von uns ein Videofeedback zu Deinem Training.<\/mark><\/strong><br><strong> <\/strong><br><strong>Preis<\/strong>: 300,- \u20ac<br>Inhalt:<br>&#8211;\u00a0 1 Hausbesuch \u00e1 60 Minuten,  mit allen wichtigen \u00dcbungen und Info\u00b4s f\u00fcr einen guten Start<br>&#8211;\u00a0 Welpenfibel<br>&#8211;\u00a0 6 Trainingsstunden in einer Welpengruppe<br>&#8211; intensive Betreuung von 6 Wochen, sowie Beantwortung Deiner Fragen per Mail oder Whatsapp innerhalb von 24 Stunden<\/p>\n\n\n\n<p>Melde Dich gerne bei uns, wenn Du dieses umfassende Premien-Paket buchen m\u00f6chtest.<\/p>\n\n\n\n<figure class=\"wp-block-image size-full is-resized\"><img loading=\"lazy\" decoding=\"async\" width=\"480\" height=\"640\" src=\"https:\/\/42designs.de\/hundetraining\/wp-content\/uploads\/2024\/12\/Welpengruppe.jpg\" alt=\"\" class=\"wp-image-382\" style=\"width:272px;height:auto\" srcset=\"https:\/\/hundeschule-streicher.de\/wp-content\/uploads\/2024\/12\/Welpengruppe.jpg 480w, https:\/\/hundeschule-streicher.de\/wp-content\/uploads\/2024\/12\/Welpengruppe-225x300.jpg 225w\" sizes=\"auto, (max-width: 480px) 100vw, 480px\" \/><\/figure>\n\n\n\n\n\n<p><\/p>\n","protected":false},"excerpt":{"rendered":"<p>Endlich\u2026der Welpe zieht ein\u2026 Die Freude ist gro\u00df und viele Gedanken schwirren Dir vielleicht durch den Kopf. In den ersten Wochen, bestenfalls von Tag 1 des Einzuges Deines Welpen, sollte der Grundstein gelegt werden f\u00fcr ein sp\u00e4teres harmonisches Zusammenleben. In dieser entscheidenden Phase m\u00f6chten wir Dich gerne unterst\u00fctzen. Die Trennung von Mutterh\u00fcndin und Geschwistern sowie der Umzug in das neue Heim des Welpen ist sehr aufregend. Er braucht Zeit, um sich in Ruhe einzugew\u00f6hnen. Daher starten wir mit einem&nbsp;ausf\u00fchrlichen Erstgespr\u00e4ch (90 min)&nbsp;bei Dir vor Ort. Wir besprechen Deine W\u00fcnsche und Trainingsziele sowie Fragen rund um die Themen Stubenreinheit, Alleinbleiben, Bei\u00dfhemmung, F\u00fctterung und Erziehung und geben Dir erste \u00dcbungen an die Hand, die Du mit Deinem Welpen sofort beginnen kannst. Das&nbsp;Erstgespr\u00e4ch kann auch einzeln gebucht werden. Wenn Du Dich danach f\u00fcr das ganze Welpen-Paket entscheidest, wird das Erstgespr\u00e4ch mit dem Paketpreis verrechnet. Wir betreuen Dich und Deinen Welpen die ersten 6 Wochen intensiv, indem Du uns bei Fragen \u00fcber WhatsApp erreichen kannst und innerhalb der n\u00e4chsten 24 Stunden ein Feedback von uns bekommst. Bei Bedarf schicken wir Dir ein Lehrvideo, damit Du die \u00dcbung mit Deinem Welpen 1:1 umsetzen kannst. In unserer Welpengruppe, die 1 x w\u00f6chentlich stattfindet, hast Du die M\u00f6glichkeit Dich mit anderen Welpenbesitzern auszutauschen und Deinem Welpen das soziale Miteinander unter gleichaltrigen Welpen zu erm\u00f6glichen. 6 Trainingsstunden in der Gruppe Gemeinsam legen wir den Grundstein f\u00fcr eine vertrauensvolle Bindung und ein entspanntes Miteinander im Alltag. In kleinen Gruppen 4-5 Welpen\/Trainer behandeln wir folgende Themen:&nbsp; Komm vorbei und lass uns den Grundstein f\u00fcr ein harmonisches Zusammenleben legen \u2013 wir freuen uns auf dich und deinen Welpen! Du erh\u00e4ltst von uns ein Videofeedback zu Deinem Training. Preis: 300,- \u20acInhalt:&#8211;\u00a0 1 Hausbesuch \u00e1 60 Minuten, mit allen wichtigen \u00dcbungen und Info\u00b4s f\u00fcr einen guten Start&#8211;\u00a0 Welpenfibel&#8211;\u00a0 6 Trainingsstunden in einer Welpengruppe&#8211; intensive Betreuung von 6 Wochen, sowie Beantwortung Deiner Fragen per Mail oder Whatsapp innerhalb von 24 Stunden Melde Dich gerne bei uns, wenn Du dieses umfassende Premien-Paket buchen m\u00f6chtest.<\/p>\n","protected":false},"author":2,"featured_media":563,"parent":0,"menu_order":0,"comment_status":"closed","ping_status":"closed","template":"","meta":{"footnotes":""},"class_list":["post-269","page","type-page","status-publish","has-post-thumbnail","hentry"],"acf":[],"jetpack_sharing_enabled":true,"_links":{"self":[{"href":"https:\/\/hundeschule-streicher.de\/index.php?rest_route=\/wp\/v2\/pages\/269","targetHints":{"allow":["GET"]}}],"collection":[{"href":"https:\/\/hundeschule-streicher.de\/index.php?rest_route=\/wp\/v2\/pages"}],"about":[{"href":"https:\/\/hundeschule-streicher.de\/index.php?rest_route=\/wp\/v2\/types\/page"}],"author":[{"embeddable":true,"href":"https:\/\/hundeschule-streicher.de\/index.php?rest_route=\/wp\/v2\/users\/2"}],"replies":[{"embeddable":true,"href":"https:\/\/hundeschule-streicher.de\/index.php?rest_route=%2Fwp%2Fv2%2Fcomments&post=269"}],"version-history":[{"count":15,"href":"https:\/\/hundeschule-streicher.de\/index.php?rest_route=\/wp\/v2\/pages\/269\/revisions"}],"predecessor-version":[{"id":673,"href":"https:\/\/hundeschule-streicher.de\/index.php?rest_route=\/wp\/v2\/pages\/269\/revisions\/673"}],"wp:featuredmedia":[{"embeddable":true,"href":"https:\/\/hundeschule-streicher.de\/index.php?rest_route=\/wp\/v2\/media\/563"}],"wp:attachment":[{"href":"https:\/\/hundeschule-streicher.de\/index.php?rest_route=%2Fwp%2Fv2%2Fmedia&parent=269"}],"curies":[{"name":"wp","href":"https:\/\/api.w.org\/{rel}","templated":true}]}}