{"id":271,"date":"2024-12-27T16:26:49","date_gmt":"2024-12-27T15:26:49","guid":{"rendered":"https:\/\/42designs.de\/hundetraining\/?page_id=271"},"modified":"2024-12-27T17:18:00","modified_gmt":"2024-12-27T16:18:00","slug":"junghundekurs","status":"publish","type":"page","link":"https:\/\/hundeschule-streicher.de\/?page_id=271","title":{"rendered":"Junghundekurs"},"content":{"rendered":"\n<p>Die wichtigste Zeit f\u00fcr die Entwicklung Deines Hundes!<\/p>\n\n\n\n<p>Die Junghundezeit ist eine der entscheidendsten Phasen im Leben des Hundes.<\/p>\n\n\n\n<p>In diesem Alter (ca. 4-12 Monate) durchl\u00e4uft Dein Vierbeiner unterschiedliche Entwicklungsstufen in denen er besonders aufnahmef\u00e4hig und formbar ist. <\/p>\n\n\n\n<p>Der Junghund ist besonders offen f\u00fcr neue Eindr\u00fccke, Regeln und Verhaltensmuster. Diese Zeit bietet die ideale Grundlage, um unerw\u00fcnschtes Verhalten zu vermeiden und gew\u00fcnschtes Verhalten nachhaltig aufzubauen.<\/p>\n\n\n\n<p>Faires Training beginnt mit der Konsequenz des Menschen!<\/p>\n\n\n\n<p>Die Aufgabe liegt darin den Hund durch diese Entwicklungsphasen zu f\u00fchren, denn in dieser Rolle f\u00fchlen sich unsere Hunde sehr gut aufgehoben.<\/p>\n\n\n\n<p>In der Zeit der Pubert\u00e4t hinterfragt Dein Junghund allerdings viele Regeln und in seinem Kopf finden tats\u00e4chlich gerade Umbauarbeiten statt.<\/p>\n\n\n\n<p>Das erkl\u00e4rt f\u00fcr Dich als Hundebesitzer die Frage, warum Dein Hund als Welpe schon sooo gut viele \u00dcbungen und Benimm-Regeln gelernt hatte, die nun pl\u00f6tzlich gel\u00f6scht erscheinen.<\/p>\n\n\n\n<p>Wir helfen Dir dabei &nbsp;entspannt und konsequent&nbsp;auch durch diese Phasen zu kommen und Dein Wissen rund um Deinen Hund stetig zu erweitern.<\/p>\n\n\n\n<p>Wir arbeiten mit Dir daran aus Dir und Deinem Hund ein harmonisches Team werden zu lassen.<\/p>\n\n\n\n<p>Weitere Infos findest Du unter Junghundegruppe I, II <\/p>\n\n\n\n<p>Sichere Dir einen Platz in unseren Junghundegruppen- wir freuen uns auf Dich und Deinen Hund!<\/p>\n\n\n\n<figure class=\"wp-block-gallery has-nested-images columns-default is-cropped wp-block-gallery-1 is-layout-flex wp-block-gallery-is-layout-flex\">\n<figure class=\"wp-block-image size-large\"><a href=\"https:\/\/42designs.de\/hundetraining\/?page_id=315\"><img loading=\"lazy\" decoding=\"async\" width=\"900\" height=\"600\" data-id=\"464\" src=\"https:\/\/42designs.de\/hundetraining\/wp-content\/uploads\/2024\/12\/junghundei.png\" alt=\"\" class=\"wp-image-464\" srcset=\"https:\/\/hundeschule-streicher.de\/wp-content\/uploads\/2024\/12\/junghundei.png 900w, https:\/\/hundeschule-streicher.de\/wp-content\/uploads\/2024\/12\/junghundei-300x200.png 300w, https:\/\/hundeschule-streicher.de\/wp-content\/uploads\/2024\/12\/junghundei-768x512.png 768w\" sizes=\"auto, (max-width: 900px) 100vw, 900px\" \/><\/a><\/figure>\n\n\n\n<figure class=\"wp-block-image size-large\"><a href=\"https:\/\/42designs.de\/hundetraining\/?page_id=318\"><img loading=\"lazy\" decoding=\"async\" width=\"900\" height=\"600\" data-id=\"465\" src=\"https:\/\/42designs.de\/hundetraining\/wp-content\/uploads\/2024\/12\/junghundeii.png\" alt=\"\" class=\"wp-image-465\" srcset=\"https:\/\/hundeschule-streicher.de\/wp-content\/uploads\/2024\/12\/junghundeii.png 900w, https:\/\/hundeschule-streicher.de\/wp-content\/uploads\/2024\/12\/junghundeii-300x200.png 300w, https:\/\/hundeschule-streicher.de\/wp-content\/uploads\/2024\/12\/junghundeii-768x512.png 768w\" sizes=\"auto, (max-width: 900px) 100vw, 900px\" \/><\/a><\/figure>\n<\/figure>\n\n\n\n<p><\/p>\n","protected":false},"excerpt":{"rendered":"<p>Die wichtigste Zeit f\u00fcr die Entwicklung Deines Hundes! Die Junghundezeit ist eine der entscheidendsten Phasen im Leben des Hundes. In diesem Alter (ca. 4-12 Monate) durchl\u00e4uft Dein Vierbeiner unterschiedliche Entwicklungsstufen in denen er besonders aufnahmef\u00e4hig und formbar ist. Der Junghund ist besonders offen f\u00fcr neue Eindr\u00fccke, Regeln und Verhaltensmuster. Diese Zeit bietet die ideale Grundlage, um unerw\u00fcnschtes Verhalten zu vermeiden und gew\u00fcnschtes Verhalten nachhaltig aufzubauen. Faires Training beginnt mit der Konsequenz des Menschen! Die Aufgabe liegt darin den Hund durch diese Entwicklungsphasen zu f\u00fchren, denn in dieser Rolle f\u00fchlen sich unsere Hunde sehr gut aufgehoben. In der Zeit der Pubert\u00e4t hinterfragt Dein Junghund allerdings viele Regeln und in seinem Kopf finden tats\u00e4chlich gerade Umbauarbeiten statt. Das erkl\u00e4rt f\u00fcr Dich als Hundebesitzer die Frage, warum Dein Hund als Welpe schon sooo gut viele \u00dcbungen und Benimm-Regeln gelernt hatte, die nun pl\u00f6tzlich gel\u00f6scht erscheinen. Wir helfen Dir dabei &nbsp;entspannt und konsequent&nbsp;auch durch diese Phasen zu kommen und Dein Wissen rund um Deinen Hund stetig zu erweitern. Wir arbeiten mit Dir daran aus Dir und Deinem Hund ein harmonisches Team werden zu lassen. Weitere Infos findest Du unter Junghundegruppe I, II Sichere Dir einen Platz in unseren Junghundegruppen- wir freuen uns auf Dich und Deinen Hund!<\/p>\n","protected":false},"author":2,"featured_media":430,"parent":0,"menu_order":0,"comment_status":"closed","ping_status":"closed","template":"","meta":{"footnotes":""},"class_list":["post-271","page","type-page","status-publish","has-post-thumbnail","hentry"],"acf":[],"jetpack_sharing_enabled":true,"_links":{"self":[{"href":"https:\/\/hundeschule-streicher.de\/index.php?rest_route=\/wp\/v2\/pages\/271","targetHints":{"allow":["GET"]}}],"collection":[{"href":"https:\/\/hundeschule-streicher.de\/index.php?rest_route=\/wp\/v2\/pages"}],"about":[{"href":"https:\/\/hundeschule-streicher.de\/index.php?rest_route=\/wp\/v2\/types\/page"}],"author":[{"embeddable":true,"href":"https:\/\/hundeschule-streicher.de\/index.php?rest_route=\/wp\/v2\/users\/2"}],"replies":[{"embeddable":true,"href":"https:\/\/hundeschule-streicher.de\/index.php?rest_route=%2Fwp%2Fv2%2Fcomments&post=271"}],"version-history":[{"count":11,"href":"https:\/\/hundeschule-streicher.de\/index.php?rest_route=\/wp\/v2\/pages\/271\/revisions"}],"predecessor-version":[{"id":529,"href":"https:\/\/hundeschule-streicher.de\/index.php?rest_route=\/wp\/v2\/pages\/271\/revisions\/529"}],"wp:featuredmedia":[{"embeddable":true,"href":"https:\/\/hundeschule-streicher.de\/index.php?rest_route=\/wp\/v2\/media\/430"}],"wp:attachment":[{"href":"https:\/\/hundeschule-streicher.de\/index.php?rest_route=%2Fwp%2Fv2%2Fmedia&parent=271"}],"curies":[{"name":"wp","href":"https:\/\/api.w.org\/{rel}","templated":true}]}}