{"id":685,"date":"2025-12-04T14:15:08","date_gmt":"2025-12-04T13:15:08","guid":{"rendered":"https:\/\/hundeschule-streicher.de\/?page_id=685"},"modified":"2025-12-11T06:55:59","modified_gmt":"2025-12-11T05:55:59","slug":"erlerne-die-basics-hundekurs-fuer-ersthundebesitzer","status":"publish","type":"page","link":"https:\/\/hundeschule-streicher.de\/?page_id=685","title":{"rendered":"Erlerne die Basics-                                       Hundekurs f\u00fcr Ersthundebesitzer\u00a0"},"content":{"rendered":"\n<p><strong>Ein Hund zieht ein und Du w\u00fcnscht Dir einen guten Start f\u00fcr ein harmonisches Miteinander?<\/strong><\/p>\n\n\n\n<p>Dann bist Du in diesem Kurs genau richtig, denn er richtet sich speziell an Menschen, die ihren ersten Hund begleiten oder bisher nur wenig Erfahrung in der Hundeerziehung gesammelt haben. Willkommen sind auch Hundebesitzer mit Auslandshunden, die oft vor ganz eigenen Herausforderungen stehen.<br><br>Gemeinsam schaffen wir eine vertrauensvolle Basis, auf der Hund und Mensch entspannt und sicher in den Alltag starten k\u00f6nnen.<\/p>\n\n\n\n<p>Im Kurs vermitteln wir die wichtigsten Grundlagen der modernen Hundeerziehung.<\/p>\n\n\n\n<p>Dazu geh\u00f6ren unter anderem <strong>Impulskontrolle<\/strong>, <strong>Frustrationstoleranz<\/strong> und ein tiefes Verst\u00e4ndnis f\u00fcr die <strong>Bed\u00fcrfnisse des Hundes<\/strong>. Du lernst, wie dein Hund kommuniziert, wie du seine <strong>K\u00f6rpersprache<\/strong> richtig deutest und wie du darauf reagierst, um Missverst\u00e4ndnisse und Stress zu vermeiden.<\/p>\n\n\n\n<p>Ein weiterer Schwerpunkt liegt auf <strong>alltagstauglichen Signalen<\/strong>, die dir und deinem Hund Orientierung und Sicherheit geben \u2013 ob zu Hause, im Stra\u00dfenverkehr oder unterwegs mit anderen Hunden. Der Kurs setzt auf positive, faire und hundegerechte Trainingsmethoden, die Bindung und Vertrauen st\u00e4rken.<\/p>\n\n\n\n<p>Zus\u00e4tzlich erh\u00e4ltst du hilfreiche Informationen \u00fcber den in <strong>Niedersachsen<\/strong> n\u00f6tigten <strong>Sachkundenachweis,<\/strong> sodass Du Dich, ohne Sorge, darauf vorbereiten kannst.<\/p>\n\n\n\n<p>Unser Ziel ist es, Dir Wissen zu vermitteln \u00fcber Lerntheorien. Du bekommst von uns \u00dcbungen an die Hand, die Dir und Deinem Hund Sicherheit geben \u2013 Schritt f\u00fcr Schritt, verst\u00e4ndlich erkl\u00e4rt und individuell begleitet.<\/p>\n\n\n\n<p>Jeder Teilnehmer erh\u00e4lt ein Handout in der letzten Kursstunde.<\/p>\n\n\n\n<p><mark style=\"background-color:rgba(0, 0, 0, 0)\" class=\"has-inline-color has-vivid-green-cyan-color\"><strong>Kurs I<\/strong>: <strong>Start: Mo. 12.1.2026-02.02.2026, 15:00-16:00 Uhr<\/strong><\/mark><br><strong><mark style=\"background-color:rgba(0, 0, 0, 0)\" class=\"has-inline-color has-vivid-green-cyan-color\">Dauer: 4 x 60 min.<br>Kosten: 120,-\u20ac<\/mark><\/strong><\/p>\n\n\n\n<p><br><mark style=\"background-color:rgba(0, 0, 0, 0)\" class=\"has-inline-color has-vivid-green-cyan-color\"><strong>Kurs II: Start: Mo. 02.03.2026-23.03.2026, 16:00-17:00 Uh<\/strong><\/mark><strong><mark style=\"background-color:rgba(0, 0, 0, 0)\" class=\"has-inline-color has-vivid-green-cyan-color\">r<\/mark><\/strong><br><mark style=\"background-color:rgba(0, 0, 0, 0)\" class=\"has-inline-color has-vivid-green-cyan-color\"><strong>Dauer: 4 x 60 min.<\/strong><\/mark><br><mark style=\"background-color:rgba(0, 0, 0, 0)\" class=\"has-inline-color has-vivid-green-cyan-color\"><strong>Kosten: 120,-\u20ac<\/strong><\/mark><\/p>\n\n\n\n<p><strong>Kursgeb\u00fchr ist 14 Tage vor der 1. Trainingsstunde zu entrichten.<\/strong><\/p>\n\n\n\n<p><strong>Vers\u00e4umte Trainingsstunden k\u00f6nnen leider aus organisatorischen Gr\u00fcnden nicht nachgeholt werden und verfallen, da es sich um einen geschlossenen Kurs handelt.<\/strong><\/p>\n\n\n\n<p>Melde Dich gerne bei uns, wenn Du dabei sein m\u00f6chtest!<\/p>\n","protected":false},"excerpt":{"rendered":"<p>Ein Hund zieht ein und Du w\u00fcnscht Dir einen guten Start f\u00fcr ein harmonisches Miteinander? Dann bist Du in diesem Kurs genau richtig, denn er richtet sich speziell an Menschen, die ihren ersten Hund begleiten oder bisher nur wenig Erfahrung in der Hundeerziehung gesammelt haben. Willkommen sind auch Hundebesitzer mit Auslandshunden, die oft vor ganz eigenen Herausforderungen stehen. Gemeinsam schaffen wir eine vertrauensvolle Basis, auf der Hund und Mensch entspannt und sicher in den Alltag starten k\u00f6nnen. Im Kurs vermitteln wir die wichtigsten Grundlagen der modernen Hundeerziehung. Dazu geh\u00f6ren unter anderem Impulskontrolle, Frustrationstoleranz und ein tiefes Verst\u00e4ndnis f\u00fcr die Bed\u00fcrfnisse des Hundes. Du lernst, wie dein Hund kommuniziert, wie du seine K\u00f6rpersprache richtig deutest und wie du darauf reagierst, um Missverst\u00e4ndnisse und Stress zu vermeiden. Ein weiterer Schwerpunkt liegt auf alltagstauglichen Signalen, die dir und deinem Hund Orientierung und Sicherheit geben \u2013 ob zu Hause, im Stra\u00dfenverkehr oder unterwegs mit anderen Hunden. Der Kurs setzt auf positive, faire und hundegerechte Trainingsmethoden, die Bindung und Vertrauen st\u00e4rken. Zus\u00e4tzlich erh\u00e4ltst du hilfreiche Informationen \u00fcber den in Niedersachsen n\u00f6tigten Sachkundenachweis, sodass Du Dich, ohne Sorge, darauf vorbereiten kannst. Unser Ziel ist es, Dir Wissen zu vermitteln \u00fcber Lerntheorien. Du bekommst von uns \u00dcbungen an die Hand, die Dir und Deinem Hund Sicherheit geben \u2013 Schritt f\u00fcr Schritt, verst\u00e4ndlich erkl\u00e4rt und individuell begleitet. Jeder Teilnehmer erh\u00e4lt ein Handout in der letzten Kursstunde. Kurs I: Start: Mo. 12.1.2026-02.02.2026, 15:00-16:00 UhrDauer: 4 x 60 min.Kosten: 120,-\u20ac Kurs II: Start: Mo. 02.03.2026-23.03.2026, 16:00-17:00 UhrDauer: 4 x 60 min.Kosten: 120,-\u20ac Kursgeb\u00fchr ist 14 Tage vor der 1. Trainingsstunde zu entrichten. Vers\u00e4umte Trainingsstunden k\u00f6nnen leider aus organisatorischen Gr\u00fcnden nicht nachgeholt werden und verfallen, da es sich um einen geschlossenen Kurs handelt. Melde Dich gerne bei uns, wenn Du dabei sein m\u00f6chtest!<\/p>\n","protected":false},"author":1,"featured_media":0,"parent":0,"menu_order":0,"comment_status":"closed","ping_status":"closed","template":"","meta":{"footnotes":""},"class_list":["post-685","page","type-page","status-publish","hentry"],"acf":[],"jetpack_sharing_enabled":true,"_links":{"self":[{"href":"https:\/\/hundeschule-streicher.de\/index.php?rest_route=\/wp\/v2\/pages\/685","targetHints":{"allow":["GET"]}}],"collection":[{"href":"https:\/\/hundeschule-streicher.de\/index.php?rest_route=\/wp\/v2\/pages"}],"about":[{"href":"https:\/\/hundeschule-streicher.de\/index.php?rest_route=\/wp\/v2\/types\/page"}],"author":[{"embeddable":true,"href":"https:\/\/hundeschule-streicher.de\/index.php?rest_route=\/wp\/v2\/users\/1"}],"replies":[{"embeddable":true,"href":"https:\/\/hundeschule-streicher.de\/index.php?rest_route=%2Fwp%2Fv2%2Fcomments&post=685"}],"version-history":[{"count":6,"href":"https:\/\/hundeschule-streicher.de\/index.php?rest_route=\/wp\/v2\/pages\/685\/revisions"}],"predecessor-version":[{"id":732,"href":"https:\/\/hundeschule-streicher.de\/index.php?rest_route=\/wp\/v2\/pages\/685\/revisions\/732"}],"wp:attachment":[{"href":"https:\/\/hundeschule-streicher.de\/index.php?rest_route=%2Fwp%2Fv2%2Fmedia&parent=685"}],"curies":[{"name":"wp","href":"https:\/\/api.w.org\/{rel}","templated":true}]}}