{"id":745,"date":"2025-12-28T16:26:17","date_gmt":"2025-12-28T15:26:17","guid":{"rendered":"https:\/\/hundeschule-streicher.de\/?page_id=745"},"modified":"2025-12-30T06:56:49","modified_gmt":"2025-12-30T05:56:49","slug":"abenteuer-alltag-offene-hundetrainingsgruppe","status":"publish","type":"page","link":"https:\/\/hundeschule-streicher.de\/?page_id=745","title":{"rendered":"Abenteuer Alltag \u2013 Offene Hundetrainingsgruppe\u201c"},"content":{"rendered":"\n<figure class=\"wp-block-image size-full is-resized\"><img loading=\"lazy\" decoding=\"async\" width=\"640\" height=\"625\" src=\"https:\/\/hundeschule-streicher.de\/wp-content\/uploads\/2025\/12\/bild-offene-Hundegruppe.jpg\" alt=\"\" class=\"wp-image-746\" style=\"width:415px;height:auto\" srcset=\"https:\/\/hundeschule-streicher.de\/wp-content\/uploads\/2025\/12\/bild-offene-Hundegruppe.jpg 640w, https:\/\/hundeschule-streicher.de\/wp-content\/uploads\/2025\/12\/bild-offene-Hundegruppe-300x293.jpg 300w\" sizes=\"auto, (max-width: 640px) 100vw, 640px\" \/><\/figure>\n\n\n\n<p>In unserer offenen Hundegruppe \u201eAbenteuer Alltag\u201c trainierst du gemeinsam mit deinem Hund \u2013 egal welches Alter, welche Rasse oder welchen Trainingsstand ihr mitbringt.<\/p>\n\n\n\n<p>Der Kurs bietet eine vielseitige Mischung aus praktischen \u00dcbungen und alltagsnahen Trainingssituationen, die euch als Team sicherer, entspannter und souver\u00e4ner machen.<\/p>\n\n\n\n<p>Gemeinsam \u00fcben wir das <strong>Halten von Positionen auch bei spannenden Ablenkungen<\/strong>, trainieren <strong>Begegnungen mit anderen Hunden und Menschen<\/strong>, st\u00e4rken die <strong>Orientierung am Menschen<\/strong> und f\u00f6rdern gezielt <strong>Impulskontrolle<\/strong> sowie <strong>Frustrationstoleranz<\/strong>. Alles in einem freundlichen, respektvollen Rahmen und ohne Leistungsdruck.<\/p>\n\n\n\n<p>Der Kurs ist ideal f\u00fcr alle, die regelm\u00e4\u00dfig in einer sozialen, abwechslungsreichen Gruppe trainieren m\u00f6chten \u2013 f\u00fcr mehr Gelassenheit, bessere Kommunikation und ein vertrauensvolles Miteinander im Alltag.<\/p>\n\n\n\n<p>Lasst Euch \u00fcberraschen wo, was und wie die einzelnen Trainingsstunden gef\u00fcllt sind. Das Training wird innerhalb und au\u00dferhalb der Trainingswiese stattfinden, je nach Thema und Wetterlage.<\/p>\n\n\n\n<p>Bitte meldet Euch bei uns, wenn ihr Interesse habt, wir nehmen Euch dann gerne in einer internen WhatsApp Gruppe auf und ihr entscheidet von Woche zu Woche, wann ihr dabei sein m\u00f6chtet.<\/p>\n\n\n\n<p><mark style=\"background-color:rgba(0, 0, 0, 0)\" class=\"has-inline-color has-vivid-green-cyan-color\"><strong>Freitag, 6.3.-27.03.26, 16:15-17:15 Uhr<\/strong><\/mark> <\/p>\n\n\n\n<p><strong><mark style=\"background-color:rgba(0, 0, 0, 0)\" class=\"has-inline-color has-vivid-green-cyan-color\">Jeden Freitag, ab dem 03.04., 17:15-18:15 Uhr<\/mark><\/strong><mark style=\"background-color:rgba(0, 0, 0, 0)\" class=\"has-inline-color has-vivid-green-cyan-color\"><strong><br>Kosten: 15,- pro Teilnahme<\/strong><\/mark><br><br><\/p>\n\n\n\n<figure class=\"wp-block-image size-full is-resized\"><img loading=\"lazy\" decoding=\"async\" width=\"480\" height=\"640\" src=\"https:\/\/hundeschule-streicher.de\/wp-content\/uploads\/2025\/12\/Bild-Hundegruppe.jpg\" alt=\"\" class=\"wp-image-747\" style=\"width:243px;height:auto\" srcset=\"https:\/\/hundeschule-streicher.de\/wp-content\/uploads\/2025\/12\/Bild-Hundegruppe.jpg 480w, https:\/\/hundeschule-streicher.de\/wp-content\/uploads\/2025\/12\/Bild-Hundegruppe-225x300.jpg 225w\" sizes=\"auto, (max-width: 480px) 100vw, 480px\" \/><\/figure>\n","protected":false},"excerpt":{"rendered":"<p>In unserer offenen Hundegruppe \u201eAbenteuer Alltag\u201c trainierst du gemeinsam mit deinem Hund \u2013 egal welches Alter, welche Rasse oder welchen Trainingsstand ihr mitbringt. Der Kurs bietet eine vielseitige Mischung aus praktischen \u00dcbungen und alltagsnahen Trainingssituationen, die euch als Team sicherer, entspannter und souver\u00e4ner machen. Gemeinsam \u00fcben wir das Halten von Positionen auch bei spannenden Ablenkungen, trainieren Begegnungen mit anderen Hunden und Menschen, st\u00e4rken die Orientierung am Menschen und f\u00f6rdern gezielt Impulskontrolle sowie Frustrationstoleranz. Alles in einem freundlichen, respektvollen Rahmen und ohne Leistungsdruck. Der Kurs ist ideal f\u00fcr alle, die regelm\u00e4\u00dfig in einer sozialen, abwechslungsreichen Gruppe trainieren m\u00f6chten \u2013 f\u00fcr mehr Gelassenheit, bessere Kommunikation und ein vertrauensvolles Miteinander im Alltag. Lasst Euch \u00fcberraschen wo, was und wie die einzelnen Trainingsstunden gef\u00fcllt sind. Das Training wird innerhalb und au\u00dferhalb der Trainingswiese stattfinden, je nach Thema und Wetterlage. Bitte meldet Euch bei uns, wenn ihr Interesse habt, wir nehmen Euch dann gerne in einer internen WhatsApp Gruppe auf und ihr entscheidet von Woche zu Woche, wann ihr dabei sein m\u00f6chtet. Freitag, 6.3.-27.03.26, 16:15-17:15 Uhr Jeden Freitag, ab dem 03.04., 17:15-18:15 UhrKosten: 15,- pro Teilnahme<\/p>\n","protected":false},"author":1,"featured_media":0,"parent":0,"menu_order":0,"comment_status":"closed","ping_status":"closed","template":"","meta":{"footnotes":""},"class_list":["post-745","page","type-page","status-publish","hentry"],"acf":[],"jetpack_sharing_enabled":true,"_links":{"self":[{"href":"https:\/\/hundeschule-streicher.de\/index.php?rest_route=\/wp\/v2\/pages\/745","targetHints":{"allow":["GET"]}}],"collection":[{"href":"https:\/\/hundeschule-streicher.de\/index.php?rest_route=\/wp\/v2\/pages"}],"about":[{"href":"https:\/\/hundeschule-streicher.de\/index.php?rest_route=\/wp\/v2\/types\/page"}],"author":[{"embeddable":true,"href":"https:\/\/hundeschule-streicher.de\/index.php?rest_route=\/wp\/v2\/users\/1"}],"replies":[{"embeddable":true,"href":"https:\/\/hundeschule-streicher.de\/index.php?rest_route=%2Fwp%2Fv2%2Fcomments&post=745"}],"version-history":[{"count":4,"href":"https:\/\/hundeschule-streicher.de\/index.php?rest_route=\/wp\/v2\/pages\/745\/revisions"}],"predecessor-version":[{"id":764,"href":"https:\/\/hundeschule-streicher.de\/index.php?rest_route=\/wp\/v2\/pages\/745\/revisions\/764"}],"wp:attachment":[{"href":"https:\/\/hundeschule-streicher.de\/index.php?rest_route=%2Fwp%2Fv2%2Fmedia&parent=745"}],"curies":[{"name":"wp","href":"https:\/\/api.w.org\/{rel}","templated":true}]}}